)/(-8). Let f(t) be the first derivative of -t**3/3 - 7*t**2/2 + 2*t - 94. Determine f(z).
2
Let a(r) = -56*r + 166. Let c(d) = 27*d - 83. Let z(v) = 20*a(v) + 41*c(v). Determine z(-10).
47
Let v(x) = -4*x**3 - x**2 - 4*x - 36. Let a(g) = 7*g**3 + g**2 + 6*g + 58. Let y(q) = -5*a(q) - 8*v(q). Suppose -10 = -3*m + 6*t - 2*t, t = 2*m. Give y(m).
30
Let a(t) = 23*t + 22. Let v(w) = 83*w + 76. Let r(y) = -18*a(y) + 5*v(y). Let j(k) = -k**3 - 7*k**2 - 8*k. Let c be j(-6). Determine r(c).
-4
Let n = -6473 + 6472. Let a(r) = 5*r**3 - r**2 - 2*r - 1. Give a(n).
-5
Let v(p) = -p**2 - 4*p - 2. Let y = -69 - -9. Let b = y + 102. Let s be b/(-9) - (-9)/(-27). Calculate v(s).
-7
Let m(g) = -29*g**2 - 202*g + 5. Let k(d) = d**3 + 5*d**2 - 79*d - 402. Let j be k(-5). What is m(j)?
-2
Let j(r) = r**2 + r. Let c(v) = 4*v**2 + 7*v - 1. Let k(n) = c(n) - 5*j(n). Let b be k(1). Let y(p) = -171*p**2 + p**3 - p + 171*p**2. Give y(b).
0
Let a(t) = -t**2 - 8*t + 78. Let n = -17539 - -17545. Determine a(n).
-6
Let v(r) be the third derivative of 3*r**6/40 + 7*r**5/60 + 5*r**4/12 + 2*r**3/3 - 3066*r**2. Give v(-2).
-60
Let r be 3/(-45)*-3*65. Let q(p) = -r*p**2 - 3 + 54*p - p**3 - 62*p + 6*p**2. What is q(-6)?
9
Let s(x) = -7*x + 101. Let g = -4224 + 4236. Determine s(g).
17
Suppose 5*k - 4*o = -3 + 8, 5*k = 5*o. Suppose 17 = k*c + 3*j, 5*j = -7*c + 5*c + 3. Let r(v) = 0*v**3 - c*v**3 + 3 + 4*v - 5*v + 3*v**3. Give r(0).
3
Suppose -36*g - 10 = -39 - 7. Let t(o) = -35*o**2 - 3*o + 1. Calculate t(g).
-37
Suppose 9*w - 13*w = -92. Let v = 31 - w. Let a(f) = f**3 - 9*f**2 + 11*f - 3. Determine a(v).
21
Let u(m) = -15*m + 13*m + 5*m - 69 + 7. Determine u(17).
-11
Suppose -345*c - 2*b = -348*c - 32, 0 = 2*b - 8. Let s(k) be the first derivative of 5 + 3*k**2 - 1 + 7*k - 2*k**2. What is s(c)?
-9
Let n = 1956 + -1962. Let z(y) = -6*y + 0*y**2 - y**2 - 25 + 11 + 10. Determine z(n).
-4
Let a(h) be the second derivative of h**3/6 - h**2 + 1550*h - 4. Let o(i) = -i**2 + 3*i + 3. Let j be o(-2). Calculate a(j).
-9
Let u(f) = 4 - 2*f - 4*f**2 + 3*f**2 - 3*f. Let v = -408 + 404. Determine u(v).
8
Let q = -6232 - -6235. Let u(c) = -76*c + 215. Give u(q).
-13
Suppose -42*z - 743 + 659 = 0. Let o(g) = -3*g**2 - 5. Let c(d) = -4*d**2 + d - 6. Let p(a) = 2*c(a) - 3*o(a). Determine p(z).
3
Let x be ((-28)/(-84))/((-2)/30). Let v(p) be the third derivative of -p**4/4 + p**3/3 + 29*p**2. What is v(x)?
32
Let r = 32992 + -33008. Let m(s) = 2*s**3 + 32*s**2 + 5*s + 8. Calculate m(r).
-72
Let q be 4 - (3 + 2 - 3). Suppose 10 = 3*t - q*w + 44, -w - 8 = t. Let l(x) = -6 - 14*x - x**2 + 2*x - 8. Determine l(t).
6
Let h(r) be the first derivative of r**3/3 - 47*r**2/2 + 41*r - 3150. Give h(46).
-5
Let r be (-7 - (-1564)/(-4))/((-2)/(-3)). Let n = -605 - r. Let z(h) = -h**2 + h + 1. Let m(s) = -6*s**2 - 4*s - 4. Let i(u) = m(u) - 5*z(u). Determine i(n).
-1
Let y(h) = -1 + 2*h + 6 + 7. Let o(k) = 4*k**2 - 12*k + 30. Let a(q) = -7*q**2 + 24*q - 59. Let x(b) = -3*a(b) - 5*o(b). Let j be x(6). Calculate y(j).
-6
Let q be ((-60)/(-25))/((-3)/(-100)). Suppose 14*v - q = 4*v. Let t(x) = x**2 - 11*x - 9*x - 7 + 13*x. Calculate t(v).
1
Let u = -34 - -34. Suppose 44*c - 45*c + 2 = u. Let k(t) = 5 - 6 + 6*t - t**2 + c - 3. Determine k(7).
-9
Suppose -45 = -2*l - 15. Let s = -14 + l. Let x(k) = k + 2. Let i(g) = -g - 1. Let a(c) = 5*i(c) + 3*x(c). Calculate a(s).
-1
Let s be (10/6)/(3/(-9)). Let q(j) = -1 - j**2 - 20*j + 6*j + 6*j + 4*j + 0*j. What is q(s)?
-6
Let q(f) be the first derivative of f**3/3 + 3*f**2 + 3*f - 2. Let n be 112/(-24)*((-40)/(-35) - 2)*-1. Calculate q(n).
-5
Suppose -568*s + 1 = -567*s. Let z(m) = 5*m + 3 - 2 - 4*m + 0*m. What is z(s)?
2
Let c = 351 + -345. Let x(z) = -z - 1. Let i(v) = -3*v - 1. Let d(o) = i(o) - 2*x(o). Let q(s) = -s**2 - 9*s + 9. Let r(n) = c*d(n) - q(n). Calculate r(-3).
-3
Let v(w) = 3*w**3 + 13*w**2 + 10*w + 16. Suppose 4*l + 14 = 4*a + 2, 5*a = -5*l - 55. Give v(a).
-8
Suppose 29 = 2*y - x - 4*x, 31 = 3*y - 5*x. Suppose 3*c = 2*s - 3, c = -5*s + 3*c + y. Let f be s - 6/((-2)/(-2)). Let o(v) = -v**2 - 6*v - 6. What is o(f)?
-6
Let v be 2 + (50/40 - 1/4). Suppose -f + v*f = 10. Let j be (6/f)/((-10)/(-50)). Let i(h) = h**2 - 7*h + 8. Calculate i(j).
2
Let o(r) = 2*r**2. Let s(a) = a**2 - 2*a - 8. Let v be s(3). Let w be -4*v/10*(-1 - -3). Suppose w*q + 5*t = t + 24, 4*q - 5*t = -12. What is o(q)?
8
Let q(v) = -5*v**2 - 41*v**3 + 16*v**3 + 7*v**2 + 18*v**3 + 9*v**3 - 2*v. Calculate q(2).
20
Let y(w) = 3*w**2 + 63 + 3*w - 29 - 35. Determine y(-2).
5
Let p(z) = -3*z**2 - 12*z + 7. Let t(j) = -7*j**3 + j**2 + 18*j - 17. Let y be t(1). What is p(y)?
-8
Let v(c) = -2*c + 3. Suppose -q - 10 = 4*q, -y = -2*q - 9. Suppose y*f + 33 = 2*p + 2*p, 2*p + f = -1. Determine v(p).
-1
Let b be 9 - (285/(-114))/(2/(-4)). Let g(s) = -2*s**2 - 2 - 2*s + 4*s + s**3 + 2*s - 3*s**2. What is g(b)?
-2
Suppose 8*z - 272 = -32. Suppose h + 4*h - z = 0. Let m(o) be the second derivative of -o**5/20 + 7*o**4/12 - o**3 + 3*o**2/2 + 40*o. Give m(h).
3
Let f(s) = -17*s - 68. Suppose -25297 + 25397 = -25*a. Determine f(a).
0
Let g(p) = 2*p**2 - 12*p + 7. Suppose -2*l + 0*h + 12 = h, -2*l + 28*h + 70 = 0. Calculate g(l).
21
Let s(l) be the second derivative of 55*l**3/6 + 83*l**2 + 6*l - 23. Give s(-3).
1
Let v(z) = -z**3 - 7*z**2 + 2*z + 53. Suppose 16*m - 880 + 976 = 0. Determine v(m).
5
Let i(b) = 5*b - 130. Let a be 9/(-6) + (28050/(-20))/(-55). Calculate i(a).
-10
Let x(p) = -3409 - 3407 - 2*p + 10219 - 16*p**2 - 3400. Determine x(1).
-15
Let u(z) be the second derivative of -z**5/20 - 5*z**4/4 - 3*z**3/2 - 17*z**2/2 + 4270*z. Determine u(-14).
-87
Let h(x) = x**2 + 10*x + 27. Let g be h(-5). Let m(y) = -y**g + 9*y + 7 - 2 - 5*y. Let v(n) = n**3 + 4*n**2 + 3*n + 4. Let l be v(-3). Determine m(l).
5
Suppose 3*v - 9 + 6 = 0. Let i be (-34)/6 + 2/3 - v. Let b(t) be the second derivative of -t**4/12 - 7*t**3/6 - 3*t**2 - 2*t. Calculate b(i).
0
Let d(c) = -c**2 + 11. Let m be ((3 - (-3 - -4)) + 244)/2. Suppose -457 = -4*j + 3*p, -j + m = 3*p - 2*p. Suppose j*q = 120*q. Calculate d(q).
11
Suppose 2*u + 5 = u, -l + 12 = -u. Let p(s) = -5*s - 1 + 4*s + l. Let t = 7408 - 7402. What is p(t)?
0
Let g(o) = 2*o**2 - 8*o - 4. Let s(m) = m**2 - 3*m - 2. Let c(w) = 3*g(w) - 7*s(w). Let v = -17 - -14. Determine c(v).
2
Let k(b) = b + 1572*b**3 + 2*b**2 - 2*b - 1569*b**3. Suppose 5*j - 15 + 0 = 0. Let q be (-4)/(7 - j) + 2. Determine k(q).
4
Suppose 0 = 13*s - 18*s - 5. Let h be -2 + (-3 - s) - 0. Let x(g) be the first derivative of g**2 - 26. Determine x(h).
-8
Let q(w) = -31*w**2 - 9*w - 3. Let n(a) = 9*a**2 + 3*a + 1. Let d(k) = -7*n(k) - 2*q(k). Let t(b) = -2*b + 10. Let j be t(7). Determine d(j).
-5
Let x = -1626 - -1622. Let m(a) = -54*a - 220. Calculate m(x).
-4
Suppose 2*z = 4*i - 24, 0 = 6*z - 3*z + 5*i + 3. Let n(w) be the first derivative of -183 - 7*w + 1/3*w**3 + 7/2*w**2. Give n(z).
-13
Let d(k) = 6*k**2 - 53*k - 5. Let y be 12*1*(-4)/(-16)*(10 + -7). Determine d(y).
4
Suppose 0 = -2*j + 4*k + 12, 0*j + 8 = 2*j - 2*k. Let b(y) be the third derivative of 7*y**4/24 + y**3/3 - 97*y**2 - y + 1. Calculate b(j).
16
Let w(x) = 2*x**2 + 2*x - 5. Let m(q) = q**2 + 2*q - 7. Let r be m(-6). Suppose 0 = 2*c - 2*i - 38, c = -11*i + 6*i - 5. Suppose c*u = r*u + 8. Give w(u).
19
Suppose 73*m - 26*m + 329 = 0. Let f(y) = y**3 + 7*y**2 - 3*y + 1. Determine f(m).
22
Let i(g) be the second derivative of g**7/840 + g**6/60 - g**5/15 + g**4/8 + 12*g**3 + 14*g. Let z(j) be the second derivative of i(j). What is z(-7)?
10
Let x(a) = -33*a + 2974. Let y be x(91). Let p(i) = -i**3 - 27*i**2 + 57*i - 23. Calculate p(y).
6
Let p(t) be the third derivative of -t**5/30 + 8*t**4/3 - 23*t**3/3 - 4*t**2 - 14*t + 6. Give p(32).
-46
Let q(d) be the third derivative of 0 - d**3 - 1/120*d**6 - 7*d**2 + d - 11/24*d**4 - 11/60*d**5. Let i(y) = y**3 - y - 10. Let w be i(0). Give q(w).
4
Let z = -13169 + 79015/6. Let k(q) be the third derivative of z*q**4 - 1/6*q**3 + 0*q + 2*q**2 - 32. Give k(5).
19
Let t(w) = 3*w**2 + 3*w + 3. Let u = 79 + -75. Suppose -3*x + x = -z - u, -5*x + 16 = -z. Let y be x - (-1)/(5/(-30)). Determine t(y).
9
Let t(h) = -h**2 + 2*h + 7. Suppose 5*s - 3*j = -7 + 47, -30 = -4*s + 2*j. Suppose 0 = -z + 4, -2*x +